visor of i and 16?
8
Suppose -2*r + 42 = 4*c, -57 = -4*c + 2*r - 19. Let z(o) = o**3 - 12*o**2 + 2*o - 9. Let l be z(12). Calculate the greatest common divisor of c and l.
5
Suppose -2*a - d = -15, 10 = -2*d - 0*d. Suppose w = 3*w - 80. Calculate the greatest common divisor of w and a.
10
Let u(o) = 2*o**2 - 13*o + 18. Let i be u(8). What is the greatest common factor of i and 6?
6
Let f(t) = 16*t - 2. Let g be f(-6). Let x = 48 - g. Suppose 5*a + 3*s - 391 = 0, -4*s = -2*a - 0*s + x. Calculate the highest common divisor of 7 and a.
7
Let n = -49 + 89. What is the highest common factor of 5 and n?
5
Let m be (-15)/(-3*(-3)/(-63)). What is the highest common factor of m and 42?
21
Let h = -29 + 35. What is the greatest common divisor of 3 and h?
3
Let c = -11 - -6. Let r be 2 + 0 - 3 - 0. Let i be (16/c)/(r/5). What is the highest common divisor of 2 and i?
2
Let f be 0 + -4 + 4/(-2). Let c be 4/((3/f)/1). Let u be -1 + (c/(-1) - -2). Calculate the highest common divisor of u and 9.
9
Let f(d) = -d**3 - 2*d**2 + 2. Let w be f(-2). Suppose 0 = 4*z - 6*z - 40. Let h = w - z. Calculate the highest common divisor of 11 and h.
11
Let t(j) = 4*j**2 - 4*j. Let y be t(3). Suppose 0 = 2*a - y - 4. What is the greatest common divisor of a and 112?
14
Let j(a) = 11*a**2 - a. Let f be j(-1). Let y be (-165)/(-6) - (-3)/2. Let s = y + -17. What is the highest common divisor of f and s?
12
Suppose 5*m + 23 = 4*u - 10, m + 29 = 4*u. Let q be (-3)/3 - -10 - 2. What is the greatest common factor of q and u?
7
Let i = -7 + 9. Let y be 50/6 - i/(-3). Calculate the greatest common factor of 1 and y.
1
Suppose -4*t = 9 - 1. Let u be ((-12)/(-18))/(t/(-6)). Calculate the highest common factor of u and 18.
2
Let j = 17 - 13. What is the greatest common factor of j and 12?
4
Let r(g) = 5*g + 2. Let z be r(2). Let t be -60*((-34)/5 - -2). Suppose 3*l = -0*l + t. Calculate the greatest common divisor of l and z.
12
Suppose -14*z + 520 + 2630 = 0. Calculate the highest common divisor of z and 9.
9
Let h be (-2 + (1 - 0))*-3. Suppose h*l - 452 = -5*n, 3*l + 69 = -4*n + 517. What is the highest common factor of l and 18?
18
Let q = 49 - 43. Suppose -1 = 2*r - y, 4*r + 3*y = 35 - 12. Suppose -q*k - w = -2*k - 339, -r*w + 253 = 3*k. Calculate the highest common factor of 17 and k.
17
Let a = 10 - 0. Suppose 2 = -4*o + a. Suppose 0 = -o*l + 15 + 33. What is the greatest common factor of l and 3?
3
Suppose 2*i - 7*i = 4*g - 235, 2*g = -2*i + 96. Suppose -3*x + 4*q = 3*q - i, -4*x = -4*q - 68. Let t = x - 6. What is the greatest common divisor of 56 and t?
7
Suppose 4*u + 556 = 2*x, x + 3*x = 4*u + 1132. Suppose -4*r + 2*r = -x. What is the greatest common factor of 18 and r?
18
Let l(b) = -b**2 + 12*b - 3. Let i be l(9). Suppose -c = -3*c + v + i, 3*c + 5*v - 10 = 0. Calculate the highest common divisor of c and 70.
10
Let t = -2 + 3. Let m = 20 - 9. Let s = -6 + m. Calculate the greatest common divisor of t and s.
1
Let x = -1 - -11. What is the greatest common factor of x and 90?
10
Let g(h) = 43*h + 75*h - 38*h. Let t be g(1). Calculate the greatest common divisor of t and 20.
20
Suppose 3*r = -i + 35, i - r = -1 + 20. Calculate the highest common factor of 69 and i.
23
Suppose -4*u = -5*p + 52, -8 = 3*p - 5*p. Let n(m) = -6*m + 4. Let i be n(u). What is the highest common factor of 13 and i?
13
Let c = 0 + 5. Suppose 5*m - 10 = -2*j, 2*m + 0*m + 53 = 3*j. What is the greatest common factor of c and j?
5
Let p = -67 + 73. What is the highest common factor of 114 and p?
6
Let k = 9 - 2. Suppose 770 = 9*u + 2*u. Calculate the greatest common factor of u and k.
7
Suppose 0 = -5*h - 2*h + 147. Calculate the highest common divisor of h and 231.
21
Let n(p) = 2*p**2 - 3*p + 1. Let s be n(3). Suppose 180 = 2*j - 0*j. What is the greatest common factor of s and j?
10
Suppose 87 = 3*t - 5*p, t = 3*t - 4*p - 56. What is the greatest common factor of t and 17?
17
Suppose d - 4 = -3*d, m = 3*d. Let n(z) = z + 3. Let u be n(m). Let y be ((-9)/(-2))/(u/16). What is the greatest common factor of 12 and y?
12
Let o(w) = w**3 + 5*w**2 - 6*w + 5. Let g be o(-6). Suppose -g*t = -4*h + 508, 0*t = -t - 4. Let i = h - -22. Calculate the highest common divisor of i and 16.
16
Let t = 18 + 4. Calculate the highest common divisor of t and 198.
22
Let j(g) = 2*g - 1. Let a be j(2). Let h = 0 + a. Suppose -h*b + 37 + 26 = 0. Calculate the highest common factor of 3 and b.
3
Suppose -3*j + 3 = 0, -m + 0*m + 11 = -4*j. Suppose -3*t + 18 = -0*t. Calculate the greatest common divisor of t and m.
3
Let h(b) = -b. Let j(f) = 39*f - 1. Let c(q) = -2*h(q) + j(q). Let k be c(1). Calculate the greatest common divisor of 20 and k.
20
Let q = 40 - 23. Suppose -3*v = 5*z - 265, -2*v + 172 = -z + q. What is the highest common divisor of v and 10?
10
Let z = 152 - 75. What is the greatest common factor of 7 and z?
7
Suppose -2*o - 8 = -40. Suppose -d - 2*d = 501. Let p = d + 279. Calculate the greatest common divisor of p and o.
16
Let i = -20 - -46. Let a = 9 + i. Calculate the greatest common factor of a and 7.
7
Let f = -8 + 17. Let s = -55 - -100. Calculate the greatest common divisor of f and s.
9
Let p(r) = -r**3 - 3*r**2 - 4*r. Let f be p(-3). Calculate the greatest common factor of f and 60.
12
Let u(i) = i**2 + 8*i + 8. Let j be u(-7). Let d be 16 + (1 + 1 - 2). Let h = d + -6. Calculate the highest common divisor of h and j.
1
Suppose 4*h - 122 - 70 = 0. Calculate the greatest common factor of 36 and h.
12
Suppose -3*t - 2*b = 0, -5*t + b = -2*b - 19. Suppose 5*g - g = 2*c - 10, -c - 3*g + 5 = 0. What is the greatest common divisor of c and t?
1
Suppose -f = -0*f. Suppose 0 = -2*h - 2*h + 16. Suppose f = 4*c + 3*d - 20, -c + 4*d + 1 = -h. Calculate the highest common factor of 20 and c.
5
Let z(n) = 5*n + 23. Let r be z(13). Calculate the greatest common divisor of 8 and r.
8
Let s(j) = j**2 - 16*j + 9. Let z be s(16). Let i(f) = 7*f**3 + 3*f**2 - 3*f + 1. Let u be i(2). Calculate the greatest common divisor of u and z.
9
Suppose -8 - 97 = -5*q - 5*p, 5*p = -q + 41. What is the greatest common divisor of q and 8?
8
Let j(u) be the second derivative of 16*u**3/3 + u**2 + 3*u. Let w be j(2). Calculate the greatest common factor of 6 and w.
6
Let n be 2/(-5) - 972/(-30). Let i = n + -24. What is the greatest common factor of i and 1?
1
Let q = -1066 + 1072. Let y = 3 + 3. What is the greatest common factor of y and q?
6
Let j(p) = p**2 + 3*p - 6. Let y be j(-5). Let h = -18 + 30. What is the highest common factor of h and y?
4
Let b(t) = t + 7. Let s be b(9). What is the greatest common divisor of s and 32?
16
Let b = -27 - -48. What is the greatest common factor of b and 3?
3
Let k = -253 - -421. What is the greatest common divisor of k and 24?
24
Suppose -5*i = 4*i - 153. Calculate the greatest common divisor of i and 68.
17
Suppose b - v = 26, -2*b + 3*v + 60 = 8. Calculate the highest common divisor of b and 234.
26
Let w = -39 + 119. What is the highest common divisor of w and 5?
5
Suppose 16*g - 12 = 12*g. Calculate the highest common divisor of g and 24.
3
Suppose 794 = 3*i + 173. Let c = -2 - -25. What is the highest common factor of i and c?
23
Suppose -5 + 15 = 2*b. Let t be 146 + b/(10/(-4)). Calculate the highest common divisor of t and 16.
16
Let i(l) = 6*l - 6. Let q be i(2). Calculate the highest common factor of q and 54.
6
Let i be 4 + -2 + 0 + 56. Suppose 0 = -0*b - b - 3. Let x be 2 - 0 - (b - i). What is the greatest common divisor of x and 9?
9
Let q(h) be the second derivative of -h**3/6 + 3*h**2 - 2*h. Let w be q(3). Suppose -11 - w = -2*o. What is the greatest common divisor of o and 28?
7
Suppose 5*q + 0*q = -25, -39 = -w + 5*q. Suppose -7 = 30*c - 31*c. Calculate the highest common divisor of c and w.
7
Let f = 202 - 193. Let v be 90 - -1*0/1. What is the highest common factor of f and v?
9
Let r = -4 + -12. Let m be r/(-24)*18/4. Let p be (-2260)/(-30) + (-1)/m. What is the highest common factor of 15 and p?
15
Let z = -3 + 5. Let d(l) = l**3 - 2*l**2 + 4*l - 3. Let i be d(z). Calculate the greatest common factor of i and 1.
1
Suppose -2*s = -3*i + 6*i - 687, -i - s = -228. What is the greatest common divisor of i and 21?
21
Let l = 107 - -5. Let y(u) = u**2 - 7*u + 8. Let j b